 11, what is 526 + 7293?
7809
In base 10, what is 12575883 - 0?
12575883
In base 2, what is -101 + -1100000011001101001100011?
-1100000011001101001101000
In base 5, what is -203111 - 21443?
-230104
In base 14, what is -5390d - -46?
-538a7
In base 7, what is 24 - 216140615?
-216140561
In base 9, what is 15060481 - 1?
15060480
In base 9, what is 3 - 38015612?
-38015608
In base 14, what is 1a + -98829?
-9880d
In base 13, what is -6a70 + -28ab?
-964b
In base 5, what is -4002 - -30230?
21223
In base 7, what is 1530611 - 3?
1530605
In base 7, what is -12506 - -123516?
111010
In base 9, what is 2 - -808703347?
808703350
In base 10, what is -3147 + 20318?
17171
In base 16, what is 28b01 - 64?
28a9d
In base 16, what is -a0 + 7d1e2?
7d142
In base 8, what is -652057321 - -2?
-652057317
In base 15, what is 4 - -8a95e0d?
8a95e12
In base 14, what is 1a - d1092d?
-d10913
In base 16, what is -4fe38a - -2?
-4fe388
In base 10, what is -25 + -6715360?
-6715385
In base 3, what is 100101221111 + 1010220?
100110002101
In base 4, what is -23303102 - 22?
-23303130
In base 13, what is -9178b - -13?
-91778
In base 13, what is a76b7c + 12?
a76b91
In base 10, what is -1182491 - 35?
-1182526
In base 2, what is -1000001000011100000110 - 101?
-1000001000011100001011
In base 2, what is -100 - 1010100011010100101001?
-1010100011010100101101
In base 16, what is 18530c - -9?
185315
In base 14, what is 2611 - 7d8?
1c17
In base 4, what is 321103311 + 12112?
321122023
In base 3, what is -2121222012 - -111122212?
-2010022100
In base 10, what is 0 + -1168784?
-1168784
In base 8, what is 144222 - -2343?
146565
In base 11, what is 297a70 - 589?
297492
In base 14, what is 15 + -3cb351?
-3cb33a
In base 14, what is -3a897 - 754?
-3b20b
In base 8, what is -3 - -30626756?
30626753
In base 4, what is -11221322 + -13303?
-11301231
In base 9, what is -102 - -3480281?
3480178
In base 7, what is 56326 - 566361?
-510032
In base 2, what is 10 + -1011010111000110010100?
-1011010111000110010010
In base 2, what is -100 - 101000001010100001?
-101000001010100101
In base 11, what is 1a + a27a112?
a27a131
In base 13, what is -7 - 76147?
-76151
In base 14, what is 2bb2 + -386?
282a
In base 12, what is -5 - -11a8862?
11a8859
In base 10, what is -7399 + -10767?
-18166
In base 7, what is 62 - -1406604?
1406666
In base 8, what is 721 + 157061?
160002
In base 11, what is -87122 + -17?
-87139
In base 15, what is -56c713b - 5?
-56c7141
In base 14, what is 1 - -d5785?
d5786
In base 9, what is -134118 - 2627?
-136746
In base 9, what is 808360 + 4?
808364
In base 6, what is 345513040 + -24?
345513012
In base 3, what is -120220202222220 - -10?
-120220202222210
In base 6, what is 510 + -51543051?
-51542141
In base 10, what is 5 + -12721346?
-12721341
In base 10, what is -50192 + -287?
-50479
In base 2, what is 111101 - 100010010110001111111?
-100010010110001000010
In base 8, what is 6 + 1637036?
1637044
In base 13, what is -10404 + 137?
-1029a
In base 10, what is 42875 - 156?
42719
In base 11, what is 10 + 13835046?
13835056
In base 10, what is -71 - -5020166?
5020095
In base 5, what is 2240334 - 323?
2240011
In base 11, what is 3 - -986240?
986243
In base 6, what is -42003542 - -3?
-42003535
In base 9, what is 121772 - -5?
121777
In base 12, what is 28a739b + 10?
28a73ab
In base 4, what is 223231120120 + 0?
223231120120
In base 13, what is -591c6a - -2?
-591c68
In base 11, what is 1741989a - -3?
174198a2
In base 11, what is 870 - 5a499?
-59729
In base 9, what is -48652 + 6?
-48645
In base 13, what is -451819 + -3?
-45181c
In base 2, what is -11111010000100 + -110110001101111?
-1010101011110011
In base 4, what is 13220331220 + -33?
13220331121
In base 7, what is -205524113 + 3?
-205524110
In base 14, what is -4 + -1c55c59?
-1c55c5d
In base 7, what is -1 - 53464444?
-53464445
In base 5, what is 201300 + -24244?
122001
In base 9, what is -668 + -2573?
-3352
In base 13, what is -486 - 14a5?
-195b
In base 15, what is -13d5ca - 20?
-13d5ea
In base 11, what is 9 + -6372107?
-63720a9
In base 9, what is -26 - 1135232?
-1135258
In base 9, what is 2521561 + 30?
2521601
In base 12, what is -5857 - -43?
-5814
In base 11, what is -150110 + -49?
-150159
In base 12, what is 181631 - -910?
182341
In base 5, what is 1201 - -1132412?
1134113
In base 10, what is -633333 - 367?
-633700
In base 16, what is -b3 - -2c5ca?
2c517
In base 15, what is -8ba - -a41b?
9a51
In base 10, what is -3534 - -8454?
4920
In base 4, what is -313121330 - -11?
-313121313
In base 13, what is a8b5 + 275?
ab5a
In base 12, what is -1318842 + -2?
-1318844
In base 13, what is -31 - 26142?
-26173
In base 5, what is 221344001 + -130?
221343321
In base 7, what is 666 + 6361032?
6362031
In base 10, what is -30 - -40500?
40470
In base 7, what is -30462 + -2005?
-32500
In base 2, what is 111011101000101101110100000111 - 10?
111011101000101101110100000101
In base 9, what is 6323383204 - -3?
6323383207
In base 9, what is 155861 + -842?
155018
In base 5, what is 10022012110 - -21?
10022012131
In base 2, what is -10111000000000010101 - 10111?
-10111000000000101100
In base 4, what is 1021221103112 + 2?
1021221103120
In base 16, what is 21a03ad - -9?
21a03b6
In base 12, what is -3 + -a48700?
-a48703
In base 16, what is 9 + 440d06?
440d0f
In base 10, what is -11 - -84751?
84740
In base 12, what is 235 + 464b8?
46731
In base 11, what is -499289 + -222?
-499500
In base 10, what is -256349 - -45?
-256304
In base 16, what is 4dd2 + 150?
4f22
In base 7, what is -4366425 + -263?
-4400021
In base 14, what is 1 - -2145824?
2145825
In base 8, what is 4274 + -25305?
-21011
In base 8, what is 236357163 + 5?
236357170
In base 15, what is 3 - -c46b2e?
c46b32
In base 11, what is 0 - 1a5a8a0?
-1a5a8a0
In base 6, what is -5 + 31400522?
31400513
In base 9, what is -28 - -2214838?
2214810
In base 3, what is -112011201020 + 1120?
-112011122200
In base 7, what is 2606311545 + 2?
2606311550
In base 13, what is -47 + 3c984?
3c93a
In base 2, what is 100111011110100111010001 + -110?
100111011110100111001011
In base 7, what is 1223122035 - 4?
1223122031
In base 2, what is -110001101111 + 1100000001?
-100101101110
In base 14, what is 154bb37c + 0?
154bb37c
In base 12, what is -299a + -a26?
-3804
In base 8, what is 1425 + 121160?
122605
In base 15, what is -18e - 1a56?
-1be5
In base 13, what is 5 - c56871?
-c56869
In base 2, what is 100111 - -111111000000110001?
111111000001011000
In base 16, what is -143c9 + f?
-143ba
In base 3, what is -2022021222010 - -22?
-2022021221211
In base 16, what is 457e1 + -45?
4579c
In base 10, what is -1 + 3618394?
3618393
In base 4, what is -230110031 + -1121?
-230111212
In base 6, what is -442212 + -1132?
-443344
In base 14, what is -186abd - -5?
-186ab8
In base 3, what is 122120 + 101100000?
101222120
In base 7, what is -264426633 - -26?
-264426604
In base 13, what is -112a1a + 21?
-1129c9
In base 12, what is -25179505b + -5?
-251795064
In base 15, what is 5 - -949773?
949778
In base 12, what is -4 + a1ab4b?
a1ab47
In base 3, what is 1102212100 - 2121220?
1100020110
In base 15, what is 6e359aa + 5?
6e359b0
In base 8, what is 14577530 + -6?
14577522
In base 6, what is 12435225 + 331?
12440000
In base 2, what is 1000001001 + -111101000011000000000?
-111101000001111110111
In base 3, what is -12121110220210210221 + -11?
-12121110220210211002
In base 6, what is -40233004 - -1253?
-40231311
In base 16, what is 62663f73 - -5?
62663f78
In base 4, what is -1103000231 + -2101?
-1103002332
In base 12, what is 14830 + 0?
14830
In base 12, what is -5 - -29630aa4?
29630a9b
In base 5, what is -221 - -110010433?
110010212
In base 16, what is -17 + 1499f?
14988
In base 2, what is 100000000101010011101100110 + -1010?
100000000101010011101011100
In base 15, what is -3e4d2 + d37?
-3d69a
In base 14, what is -3087 - 8b88?
-bc31
In base 13, what is -5b1 - -1718?
1137
In base 11, what is -20 - -1014343?
1014323
In base 10, what is 355 - -530280?
530635
In base 13, what is -1664b - -1656?
-14cc5
In base 8, what is -21203 + -117770?
-141173
In base 9, what is -22525887 + -32?
-22526030
In base 8, what is -4303600 + -1?
-4303601
In base 9, what is -847 - 1533618?
-1534566
In base 3, what is -20 - 10011201000011?
-10011201000101
In base 15, what is -59ab17 + a?
-59ab0c
In base 16, what is 3 